
-2
Let a(l) be the second derivative of -2/3*l**3 - l - 1/12*l**4 + 0 + 3*l**2. Give a(-6).
-6
Suppose -i + 2 = -2*y - 6*i, -5*i + 2 = 3*y. Let b(v) = -4 + y*v - 3*v - 6*v + 4*v. Determine b(-4).
0
Let f be ((-2)/3)/(11/99). Let v(k) = -k**2 - 4*k + 7. Give v(f).
-5
Let u be ((-54)/12)/3*-2. Let a(w) be the first derivative of -2*w - w**u + 1/2*w**2 - 1/4*w**4 - 4. Determine a(-2).
-8
Let k be 5/(1/(3 - 2)). Let w(u) = -k*u + 2 - 5 + u**2 - u. What is w(6)?
-3
Let p(u) = u**3 - 4*u**2 - 7*u + 2. Let k(g) = 3*g + 5. Let x(a) = -3*a - 6. Let z(f) = -5*k(f) - 4*x(f). Let s be z(-2). Determine p(s).
-8
Let l(b) = 3*b - 1. Let c(n) = 5*n - 3. Let k(o) = 4*c(o) - 7*l(o). Determine k(-4).
-1
Let n(u) = -u**2 + 4*u + 5. Let c be n(5). Let z(d) be the first derivative of -d**3/3 - 7*d - 2. Determine z(c).
-7
Let u(t) be the first derivative of -t**7/840 - t**6/72 + t**4/24 + t**3 - 3. Let d(z) be the third derivative of u(z). Calculate d(-5).
1
Suppose -4*d + 6 = -7*d. Let v(j) = 2*j + 1. Give v(d).
-3
Let p(h) = -h**3 + 3*h**2 + 4*h. Let v be p(4). Let k(c) = c**2 - 3*c**3 - 4*c**3 + v*c**2. What is k(1)?
-6
Suppose -4*p - 16 = 3*h, -3*p - 6 - 6 = 4*h. Let l(c) = 4*c**2 + 4*c - 3. Let s(x) = -5*x**2 - 5*x + 4. Let f(u) = -6*l(u) - 5*s(u). Calculate f(h).
-2
Let b = 14 + -10. Let k(i) = -i**3 + 3*i**2 + 3*i + 2. What is k(b)?
-2
Let d(x) be the second derivative of x**5/20 + x**4/3 + x**3/6 + x**2 - 9*x. Calculate d(-4).
-2
Let d(t) = -t**3 - 9*t**2 - 8*t. Let j(i) = i**3 + 8*i**2 + 10*i + 13. Let s be j(-7). Give d(s).
0
Let k(m) = m**3 + 5*m**2 + 5*m + 6. Let s be k(-4). Suppose 0 = -s*g + 3 + 1. Let y(b) = 0*b + g*b - 3 - 4*b. Calculate y(-3).
3
Suppose -4*m + 5 = 3*o - 2, -o = 4*m - 5. Let n(i) = -o + i**2 + 0*i - i - 3*i**2 + 2*i. Let z(s) = -s. Let x be z(-2). Determine n(x).
-7
Suppose -2*b + 5 = -7. Let a(d) = -d**3 + 7*d**2 - 5*d + 7. What is a(b)?
13
Let i(d) be the second derivative of d**3/6 + d**2/2 + d. Suppose -19*r = -22*r + 6. Give i(r).
3
Let i(q) = -q. Let s(b) = b**3 - 10*b**2 + 15*b + 5. Let o be s(8). What is i(o)?
3
Let b(r) = 6*r**3 + 11*r**2 - 8*r - 11. Let m be (-1)/((4/(-7))/4). Let k(y) = 5*y**3 + 10*y**2 - 7*y - 10. Let h(v) = m*k(v) - 6*b(v). Calculate h(4).
-8
Let v(t) = -29 - t**2 + t + 28 + 0*t**2. Determine v(0).
-1
Let h(p) be the third derivative of p**5/6 + 11*p**4/24 + 11*p**3/6 + p**2. Let y(n) = 7*n**2 + 7*n + 7. Let b(c) = -5*h(c) + 8*y(c). What is b(-1)?
6
Let s(w) be the first derivative of -w**2/2 - 3*w - 14. Let t be (8 - 2)*(-1 - 0). What is s(t)?
3
Let s(o) = -o**2 + 2*o - 1. Let p(h) = h**2 - 2*h + 1. Let b(x) = 3*p(x) + 2*s(x). Suppose 2*j = 4 - 0. Calculate b(j).
1
Suppose 5*a + 24 = 4. Suppose 0 = d - 0*d - 6. Let j(c) = 6*c**3 + 3*c**2 - 8*c. Let m(y) = -5*y**3 - 2*y**2 + 7*y. Let p(u) = d*j(u) + 7*m(u). Calculate p(a).
-4
Suppose -3*z + 3*g = 6, 8*g = 3*z + 4*g + 6. Let l(v) = -3*v - 3. Let b(k) = 9*k + 9. Let u(j) = -3*b(j) - 8*l(j). What is u(z)?
3
Let n be 3*(-1)/(-3) + 2. Let c(w) = -4*w**2 + 2 + 2*w**n - 2 - 3*w**3 - 4*w - 3. Calculate c(-2).
-3
Let y be (1 + -28)*11/(-33). Let f(m) = -m + 7. Let c be f(y). Let p(s) be the second derivative of s**5/20 + s**4/3 + s**3/6 + s**2/2 - s. Determine p(c).
7
Let r(s) = s**2 - 4*s**2 - 13 + s**2 + 4*s**3 - 2*s. Let w(d) = d**3 - d**2 - d - 4. Let u(x) = 2*r(x) - 7*w(x). Determine u(-2).
0
Let k(j) = 2*j + 6 - 2 - 3*j. Suppose 2*w - 24 = -w. Let t be w*(-1 + 9/6). Give k(t).
0
Let k(x) = x - 3. Let c(s) = -s + 6. Let j(v) = -3*c(v) - 5*k(v). Let l(m) = 3*m + 3. Let r(h) = -5*j(h) - 4*l(h). Give r(2).
-1
Suppose 4*c - 3*y = -4, -16 = -5*y + 4. Let q be c/((-1)/(-10)*4). Let g(m) = -52*m**3 + 7 - 3*m**2 - 2*m**2 + 53*m**3. Determine g(q).
7
Let a(c) = -3 + 4*c**3 - 4*c**2 - 3*c**3 - 2 + 0 - 4*c. Let u = 3 + 0. Let i = 2 + u. Give a(i).
0
Suppose -4*v + 3 + 9 = 0. Let l be ((-24)/(-16))/(6/4). Let a(r) = v*r**3 + 3*r - l - r + 0. Determine a(1).
4
Suppose -2*b - 11 = -3*h, 4*h = 2*b - 0*b + 16. Let f(c) = -c**3 + c**2 + 4*c - 3. Determine f(b).
1
Suppose -4*d + 12 - 40 = 0. Let m(z) = -z - 6. What is m(d)?
1
Let v(z) = 3*z + 6. Let q(g) = -10*g - 19. Let a(w) = -2*q(w) - 7*v(w). Suppose -4*c = 12, 0 = -2*y + c - 0 + 13. Determine a(y).
-9
Let t = 10 - 10. Suppose t*q + 13 = -q + 3*h, 2*q = -h - 5. Let c(v) = -v - 1. Calculate c(q).
3
Let k(v) = -v**2 + 1. Let q(a) = -a**3 - 6*a**2 - 5*a + 2. Let r(o) = k(o) + q(o). Calculate r(-6).
-3
Let f(x) = 16 + 19*x + 19 + 13 - 47. What is f(-1)?
-18
Let r(t) be the third derivative of t**6/120 + t**5/10 + t**4/6 + t**3/2 - 5*t**2. Give r(-5).
8
Let l(o) = 1 - 5 + 2 - 7*o + 4*o. Let v = 8 - 11. Determine l(v).
7
Let g = -22 - -47. Suppose -g = 5*d, -a - 2*d = -d + 6. Let p(u) = 4*u**2 + 1. Calculate p(a).
5
Let f(c) = c. Let r(w) = -4*w - 6. Let x(g) = 2*f(g) + r(g). Let v(p) = 4*p + 12. Let s(t) = -4*v(t) - 9*x(t). Determine s(-5).
-4
Let c(p) = -3*p + 1. Let v(g) = 7*g - 2. Let z(m) = -9*c(m) - 4*v(m). What is z(1)?
-2
Let l(n) = -2*n + 12. Let a(p) be the third derivative of 1/24*p**4 + 0 + 0*p + 4*p**2 - p**3. Let o(s) = 5*a(s) + 3*l(s). Give o(3).
3
Let w(l) = -6 + 3 - 2*l + 3*l. Let y be 7 + (2 - 6 - -1). Calculate w(y).
1
Let j(m) = 13*m - 1. Let o(g) = -7*g. Let v(x) = -3*j(x) - 5*o(x). Let y(h) = -h**3 + 5*h**2 + h - 3. Let p be y(5). Calculate v(p).
-5
Let x(r) = -2*r**3 - 28*r**2 + 2*r + 31. Let u be x(-14). Let j(a) be the third derivative of -a**6/120 + a**5/12 - a**4/8 - 2*a**3/3 + a**2. What is j(u)?
5
Let i(v) = -2*v**2 + 10 - 4 - v - 3. Determine i(-3).
-12
Let g(n) = n**3 - 3*n**2 + 3*n. Let u(j) be the third derivative of -j**6/120 + j**5/12 + j**3/2 - 3*j**2. Let l be u(5). Determine g(l).
9
Let c(i) = -17*i - 3*i + i**2 + 11*i + 8. What is c(7)?
-6
Let o(m) = m**3 + 6*m**2 - 18 + 15 - 4*m - 3*m**2. Give o(-2).
9
Let u(h) = h**3 + 3*h**2 - h + 2. Suppose -24 = 3*s + 2*c - 7*c, 15 = -2*s + 3*c. Determine u(s).
5
Let i = -70 - -74. Let q(k) = -2*k**2 + k - 5. Calculate q(i).
-33
Let p(j) = j**2 + 6*j + 5. Suppose -3*t = -3*w - 6, -3*w + 0*w + 5*t = 0. Determine p(w).
0
Let x(g) = g**2 + 2*g + 4. Let n = -20 - -16. Give x(n).
12
Let v(u) = -2*u + u + 1 - 2*u**2 - u**3 + 6*u**2. What is v(3)?
7
Let c(u) = u**3 - 3*u**2 - u. Let t be (-36)/(-6)*(-2)/(-4). What is c(t)?
-3
Let o(b) be the first derivative of -b**2 + 3 - 2 - 4*b - 6. Give o(-5).
6
Suppose 29*h + 112 + 4 = 0. Let m(k) be the second derivative of -k**3/6 - k**2/2 - k. What is m(h)?
3
Suppose 12 = y - 0*b - b, 0 = y + 2*b. Suppose 4*h - 5*x + 0 = y, 4*x + 28 = -4*h. Let o(j) = -j**2 - 2*j + 1. Determine o(h).
-2
Let j(z) = -z**2 - 3*z - 2. Let t(g) be the first derivative of g**2/2 + 2*g + 1. Let v be t(-6). Give j(v).
-6
Let r(x) = 1 + 2*x**3 - 1 - 2*x**2 - 1. Calculate r(2).
7
Let h(d) = 2*d**3 - 12*d**2 + 17*d + 23. Let o(r) = -r**3 + 6*r**2 - 9*r - 12. Let c(i) = 6*h(i) + 11*o(i). Give c(5).
-4
Let p(d) = d**2 - 4*d. Let r = -19 - -39. Suppose 2*i + 2*i - r = 0. Determine p(i).
5
Suppose -f - 2*t - 2 = 0, 7*f - 2*f - 5*t = 5. Let b(m) = m - 8. Calculate b(f).
-8
Let s be -3*4/(-6) - -13. Suppose 0*u = -5*u + s. Let w(n) = 2*n + n**2 - u + 4 - 4. Give w(-4).
5
Let l(q) = -q**3 + 4*q**2 + 2*q - 6. Let r be l(4). Let u(j) = 106 + j + 2*j**r - 106. What is u(2)?
10
Let q(n) = n + 3. Let i(p) = p**2 - p**3 + p - 4*p**3 + 2*p**3. Let k = 12 + -13. Let w be i(k). Calculate q(w).
6
Let k(p) be the second derivative of -p**5/20 + p**4/12 - p**3/6 + 2*p. Let m(s) = -5*s**3 + 7*s**2 - 4*s + 2. Let h(x) = -4*k(x) + m(x). Calculate h(2).
6
Let b(m) be the third derivative of -m**5/60 + m**4/8 - m**3/3 - 2*m**2 + 15*m. What is b(5)?
-12
Let z(t) = -t**3 + 5*t**2 + 7*t + 3. Let a be z(6). Let f be a/(3/(-3)) - -2. Let i(k) = -2*k - 5. Determine i(f).
9
Let f(s) be the first derivative of -3*s + 1/3*s**3 - 1/2*s**2 + 2. Let n be (-42)/(-15) + (-1)/(-5). Calculate f(n).
3
Let q(w) = 4*w - 3. Let n(v) = v**2 + 4*v + 3. Let i be n(-4). Calculate q(i).
9
Let p(v) = 2*v**2 + 3. Suppose -3 = 2*i + 5*x + 23, -5*i = -4*x - 1. Calculate p(i).
21
Let j(d) be the first derivative of -3 + 3/2*d**2 - d. Give j(2).
5
Suppose 9*q + 30 = 14*q. Let h(w) be the first derivative of -w**3/3 + 5*w**2/2 - w - 4. Determine h(q).
-7
Let f(b) = 7 - 85*b**2 + 84*b**2 + 4*b 